r?
False
Is 3251 a prime number?
True
Is 9263 composite?
True
Is 969883 prime?
False
Is 45053 a prime number?
True
Is 7438 prime?
False
Is 13997 prime?
True
Is 1095361 a prime number?
False
Is 1446971 prime?
True
Is 6005 prime?
False
Is 10259 prime?
True
Is 211691 composite?
False
Is 48403 composite?
True
Is 2818 a composite number?
True
Is 213341 a prime number?
False
Is 121497 a prime number?
False
Is 567481 prime?
False
Is 11819 composite?
True
Is 31879 prime?
False
Is 344849 a composite number?
True
Is 409577 a prime number?
False
Is 33911 a prime number?
True
Is 147718 composite?
True
Is 5579 prime?
False
Is 40063 a composite number?
False
Is 425823 a composite number?
True
Is 1531 a composite number?
False
Is 4583 a composite number?
False
Is 5323 prime?
True
Is 210813 a composite number?
True
Is 3137 composite?
False
Is 1073 prime?
False
Is 44867 a composite number?
False
Is 45421 prime?
False
Is 22523 prime?
False
Is 1502503 composite?
False
Is 11351 a composite number?
False
Is 63741 prime?
False
Is 699179 prime?
False
Is 3881 composite?
False
Is 4694 composite?
True
Is 545563 a prime number?
False
Is 10477 prime?
True
Is 2579 prime?
True
Is 22235 a composite number?
True
Is 191297 a prime number?
True
Is 7451 a composite number?
False
Is 34861 composite?
True
Is 7177 composite?
False
Is 424223 composite?
False
Is 59317 composite?
True
Is 2167991 composite?
True
Is 553 prime?
False
Is 2112685 prime?
False
Is 205703 composite?
False
Is 7393 a prime number?
True
Is 21961 prime?
True
Is 4548967 a composite number?
False
Is 238759 prime?
True
Is 228469 composite?
False
Is 8497 prime?
False
Is 298993 a composite number?
False
Is 31159 a prime number?
True
Is 2581 prime?
False
Is 121949 composite?
False
Is 52978 a composite number?
True
Is 278261 a composite number?
False
Is 356657 composite?
True
Is 26557 prime?
True
Is 9029 a prime number?
True
Is 14503 composite?
False
Is 70753 a prime number?
True
Is 896237 composite?
True
Is 30047 prime?
True
Is 140405 a composite number?
True
Is 27719 composite?
True
Is 64159 composite?
True
Is 9413 composite?
False
Is 219973 prime?
False
Is 48715 a prime number?
False
Is 27479 composite?
False
Is 33595 a composite number?
True
Is 12554 prime?
False
Is 39586 a prime number?
False
Is 462089 prime?
False
Is 14029 a composite number?
False
Is 421783 prime?
True
Is 167593 a composite number?
False
Is 547411 a prime number?
True
Is 82129 composite?
False
Is 2705 prime?
False
Is 571 a composite number?
False
Is 481121 a prime number?
False
Is 318778 prime?
False
Is 142 a prime number?
False
Is 16285 composite?
True
Is 731103 prime?
False
Is 9383 a composite number?
True
Is 87007 prime?
False
Is 137749 prime?
False
Is 7933 prime?
True
Is 11113 composite?
False
Is 2177063 composite?
True
Is 712649 a composite number?
True
Is 1880483 a composite number?
True
Is 37951 a prime number?
True
Is 330323 composite?
True
Is 58459 a prime number?
False
Is 822767 a prime number?
False
Is 7807 composite?
True
Is 1049513 composite?
True
Is 1647073 prime?
False
Is 17803 prime?
False
Is 10681 a prime number?
False
Is 366566 composite?
True
Is 68993 a composite number?
False
Is 18661 prime?
True
Is 11027 a prime number?
True
Is 6537 a prime number?
False
Is 213173 prime?
True
Is 6389 prime?
True
Is 8263 a prime number?
True
Is 23038 composite?
True
Is 2437 composite?
False
Is 5353 composite?
True
Is 9199 a prime number?
True
Is 203549 prime?
True
Is 18101 a composite number?
True
Is 44543 prime?
True
Is 3294727 a prime number?
False
Is 478 prime?
False
Is 17717 prime?
False
Is 366473 a prime number?
False
Is 137395 a composite number?
True
Is 133453 a prime number?
False
Is 1393705 a prime number?
False
Is 34817 prime?
False
Is 164777 a composite number?
True
Is 1529 a prime number?
False
Is 122443 prime?
True
Is 13613 a composite number?
False
Is 73079 prime?
True
Is 39511 prime?
True
Is 1399 a composite number?
False
Is 3186887 composite?
True
Is 33409 composite?
False
Is 325421 a prime number?
True
Is 201643 a prime number?
False
Is 134051 prime?
False
Is 19417 prime?
True
Is 72809 prime?
False
Is 258563 prime?
True
Is 51583 a composite number?
True
Is 82129 a prime number?
True
Is 113759 composite?
False
Is 12659 a composite number?
False
Is 54751 a composite number?
False
Is 17957 prime?
True
Is 167521 prime?
True
Is 1817 prime?
False
Is 6619 prime?
True
Is 383447 a prime number?
False
Is 3265 prime?
False
Is 32749 prime?
True
Is 6899 a composite number?
False
Is 2449 a prime number?
False
Is 13649 composite?
False
Is 5077 a composite number?
False
Is 405211 prime?
True
Is 972537 a prime number?
False
Is 262751 prime?
False
Is 164707 a prime number?
True
Is 10663 composite?
False
Is 8147 a composite number?
False
Is 514229 prime?
True
Is 34381 a composite number?
False
Is 1618079 prime?
True
Is 5261 a prime number?
True
Is 178171 a prime number?
False
Is 3543 a composite number?
True
Is 10651 a prime number?
True
Is 547787 composite?
False
Is 200437 a prime number?
True
Is 24317 a composite number?
False
Is 103331 a prime number?
False
Is 23159 a composite number?
False
Is 475117 prime?
False
Is 236337 a prime number?
False
Is 11671 a composite number?
True
Is 120427 a composite number?
False
Is 15613 prime?
False
Is 47153 a prime number?
False
Is 44017 a composite number?
False
Is 26099 prime?
True
Is 1346 a composite number?
True
Is 1157 composite?
True
Is 34934 a prime number?
False
Is 5305871 a prime number?
True
Is 3147 a prime number?
False
Is 12071 a composite number?
False
Is 200209 a prime number?
False
Is 5158 a prime number?
False
Is 47361 prime?
False
Is 57881 a composite number?
False
Is 17519 prime?
True
Is 361463 prime?
True
Is 3809 composite?
True
Is 72817 composite?
False
Is 55479 prime?
False
Is 7561 prime?
True
Is 829057 a prime number?
True
Is 485 a composite number?
True
Is 17617 a prime number?
False
Is 7807 a prime number?
False
Is 52157 a prime number?
False
Is 208187 composite?
True
Is 2362 a composite number?
True
Is 4109 prime?
False
Is 68957 a prime number?
False
Is 14951 prime?
True
Is 99559 a composite number?
False
Is 801085 a composite number?
True
Is 41063 a composite number?
True
Is 1943 prime?
False
Is 17657 prime?
True
Is 20707 composite?
False
Is 19615 composite?
True
Is 359851 composite?
False
Is 11383 composite?
False
Is 242881 a composite number?
True
Is 6609 prime?
False
Is 1349 prime?
False
Is 2437 a prime number?
True
Is 12715 prime?
False
Is 688717 a composite number?
False
Is 278437 a prime number?
True
Is 100847 composite?
False
Is 1129103 a composite number?
False
Is 3453 a composite number?
True
Is 19841 prime?
True
Is 2582171 composite?
False
Is 6007 a prime number?
True
Is 199135 composite?
True
Is 1961 a prime number?
False
Is 271547 a prime number?
False
Is 90107 a prime number?
True
Is 6646 a composite number?
True
Is 387329 a prime number?
True
Is 54829 a composite number?
False
Is 181667 a composite number?
False
Is 15511 a composite number?
False
Is 2521 prime?
True
Is 165535 prime?
False
Is 283931 a prime number?
False
Is 218887 a composite number?
False
Is 130087 prime?
True
Is 11901 composite?
True
Is 393377 composite?
False
Is 13259 a prime number?
True
Is 3981 composite?
True
Is 18429 a prime number?
False
Is 16811 prime?
True
Is 275606 prime?
False
Is 15013 composite?
False
Is 44867 a prime number?
True
Is 606367 prime?
False
Is 6720353 a composite number?
False
Is 1658 a composite number?
True
Is 293782 composite?
True
Is 11777 a prime number?
True
Is 3203 prime?
True
Is 791767 a composite number?
True
Is 7447 a composite number?
True
Is 37641 a composite number?
True
Is 3143 a prime number?
False
Is 1597549 composite?
True
Is 17219 a composite number?
True
Is 93277 a composite number?
True
Is 982337 prime?
True
Is 835 composite?
True
Is 141883 a prime number?
False
Is 130927 prime?
True
Is 7849 prime?
False
Is 3109 a composite number?
False
Is 110369 a prime number?
False
Is 7753 a composite number?
False
Is 16719 a prime number?
False
Is 413233 composite?
False
Is 12301 composite?
False
Is 1079977 a prime number?
True
Is 85049 a prime number?
True
Is 117389 a prime number?
True
Is 61345 a composite number?
True
Is 380395 prime?
False
Is 387323 composi